{"id":1488,"date":"2022-01-28T08:21:15","date_gmt":"2022-01-28T08:21:15","guid":{"rendered":"https:\/\/cubipod.ohla-group.com\/wp-content\/uploads\/sites\/5\/2022\/01\/2006-DAMAGE-PROGRESSION-ON-CUBE-ARMORED.pdf"},"modified":"2022-04-06T11:54:12","modified_gmt":"2022-04-06T11:54:12","slug":"2006-damage-progression-on-cube-armored","status":"inherit","type":"attachment","link":"https:\/\/www.cubipod.com\/en\/2006-damage-progression-on-cube-armored\/","title":{"rendered":"DAMAGE PROGRESSION ON CUBE ARMORED BREAKWATERS"},"author":25,"featured_media":0,"comment_status":"open","ping_status":"closed","template":"","meta":{"_acf_changed":false,"_links_to":"","_links_to_target":""},"class_list":["post-1488","attachment","type-attachment","status-inherit","hentry","document-category-publications-en"],"acf":[],"description":{"rendered":"<p class=\"attachment\"><a href='https:\/\/www.cubipod.com\/wp-content\/uploads\/sites\/5\/2022\/01\/2006-DAMAGE-PROGRESSION-ON-CUBE-ARMORED.pdf'>DAMAGE PROGRESSION ON CUBE ARMORED BREAKWATERS<\/a><\/p>\n<p>MAR\u00cdA ESTHER G\u00d3MEZ-MART\u00cdN JOSEP R. MEDINA<br \/>\nLaboratorio de Puertos y Costas, Universidad Polit\u00e9cnica de Valencia, Camino de Vera s\/n, Valencia, 46022, Spain.<br \/>\n mgomar00@upvnet.upv.es and jrmedina@tra.upv.es<\/p>\n"},"caption":{"rendered":"<p>DAMAGE PROGRESSION ON CUBE ARMORED BREAKWATERS MAR\u00cdA ESTHER G\u00d3MEZ-MART\u00cdN JOSEP R. MEDINA Laboratorio de Puertos y Costas, Universidad Polit\u00e9cnica de Valencia, Camino de Vera s\/n, Valencia, 46022, Spain. mgomar00@upvnet.upv.es and jrmedina@tra.upv.es<\/p>\n"},"alt_text":"","media_type":"file","mime_type":"application\/pdf","media_details":{"filesize":327749,"sizes":{}},"post":null,"source_url":"https:\/\/www.cubipod.com\/wp-content\/uploads\/sites\/5\/2022\/01\/2006-DAMAGE-PROGRESSION-ON-CUBE-ARMORED.pdf","_links":{"self":[{"href":"https:\/\/www.cubipod.com\/en\/wp-json\/wp\/v2\/media\/1488","targetHints":{"allow":["GET"]}}],"collection":[{"href":"https:\/\/www.cubipod.com\/en\/wp-json\/wp\/v2\/media"}],"about":[{"href":"https:\/\/www.cubipod.com\/en\/wp-json\/wp\/v2\/types\/attachment"}],"author":[{"embeddable":true,"href":"https:\/\/www.cubipod.com\/en\/wp-json\/wp\/v2\/users\/25"}],"replies":[{"embeddable":true,"href":"https:\/\/www.cubipod.com\/en\/wp-json\/wp\/v2\/comments?post=1488"}]}}

<p class="attachment"><a href='https://www.cubipod.com/wp-content/uploads/sites/5/2022/01/2006-DAMAGE-PROGRESSION-ON-CUBE-ARMORED.pdf'>DAMAGE PROGRESSION ON CUBE ARMORED BREAKWATERS</a></p>
<p>MARÍA ESTHER GÓMEZ-MARTÍN JOSEP R. MEDINA<br />
Laboratorio de Puertos y Costas, Universidad Politécnica de Valencia, Camino de Vera s/n, Valencia, 46022, Spain.<br />
 mgomar00@upvnet.upv.es and jrmedina@tra.upv.es</p>

<p>DAMAGE PROGRESSION ON CUBE ARMORED BREAKWATERS MARÍA ESTHER GÓMEZ-MARTÍN JOSEP R. MEDINA Laboratorio de Puertos y Costas, Universidad Politécnica de Valencia, Camino de Vera s/n, Valencia, 46022, Spain. mgomar00@upvnet.upv.es and jrmedina@tra.upv.es</p>
